j) - 7*p(j). Is c(-28) composite?
True
Let d = 207971 - 2674. Is d composite?
False
Let j = 78 + -70. Suppose 0 = r - j + 9. Is (r - 59/3)/(14/(-651)) a composite number?
True
Suppose -69*f + 27935948 + 908842 = 9*f. Is f a prime number?
False
Suppose -4*y = 2*o + 8, -4*o - y = 3*y. Let c be 4 - (0*(-1)/(-3) - o). Is 4*2/c + 2332 prime?
True
Suppose -181 = 3*h - 5*x + 124, -x - 317 = 3*h. Is 5034*(6 + h/18) a prime number?
True
Suppose -3827 = -4*y + 21329. Suppose 5*d = -4*m + 2*m + y, m - 2 = 0. Suppose -4*z + 24270 = 5*q, -2*z + 5*q + 13377 = d. Is z a composite number?
True
Suppose 123*a - 871726 = 883115. Is a a composite number?
True
Let v(s) = -s**3 - 11*s + 35299. Is v(0) prime?
False
Let o(c) = -c**2 - 31*c + 34. Let i be o(0). Is ((-46)/(-6))/(i/20298) prime?
False
Let i(d) = 1307*d + 70. Let g be i(14). Suppose -3*a = -4*z + 18370, 0 = 4*z - 0*a - 2*a - g. Is z a prime number?
True
Suppose -670*i = -692*i + 176. Let k be 1 + (0 - (1 - 2232)). Suppose -i*j + 15176 - k = 0. Is j prime?
False
Suppose -480*k + 144944033 = -37475647. Is k a composite number?
False
Suppose -3*n + 2*y + 11013 = 0, 40*y = 5*n + 39*y - 18348. Let i = n - 2032. Is i a composite number?
False
Suppose 9*s - 40551 = 263568. Is s a composite number?
False
Let a(h) = 7*h**2 - 12*h - 33. Let g be (-4)/(-6)*(-19)/((-95)/(-30)). Is a(g) a composite number?
False
Let y(b) = 705*b**2 - 36*b + 100. Is y(7) a composite number?
True
Suppose 5*a - 2*p - 49 = 0, 53 = 3*a + 2*a - 4*p. Is (1/2)/(a/63198) a prime number?
True
Let i(g) = 2*g**2 + 7*g + 9. Let m(t) = t**3 + 9*t**2 + 9*t + 5. Let f be m(-8). Let z be i(f). Suppose z*r + 3685 = 17*r. Is r a prime number?
False
Let q = 1350416 + -391695. Is q a prime number?
False
Let r(f) = -f + 33. Let y be r(33). Suppose y = -4*l + 5*l - 161. Is l composite?
True
Suppose 0 = -3*j + z + 139197, -2*z - 62078 - 77119 = -3*j. Is j composite?
False
Let v be (-369)/(-2 - (-25)/13). Suppose 0*f + v = 9*f. Suppose 0 = 4*k + r - 1003, -r = -2*k - 30 + f. Is k prime?
True
Is (27/(-18))/((-3)/2160404) prime?
False
Let t be 1/((-2)/(-3)*(-24)/(-124112)). Suppose 2*a + t = 3*n, 0 = -2*n + 4*a - 2*a + 5168. Is n prime?
False
Suppose 0 = -125*p + 1216088 + 986787. Is p prime?
True
Suppose h = 2*u - 514286, u + 67502 = -4*h + 324627. Is u prime?
True
Let y = 66 - 19. Let b = 426 + -158. Let v = b - y. Is v a composite number?
True
Suppose 0 = -4*g + 4*o + 452, -5*o = 5*g - 188 - 337. Let u = g + -94. Suppose -17*c = -u*c - 3714. Is c a composite number?
True
Let j(i) = -2*i**3 - 19*i**2 + 4*i - 22. Let y(z) = 17*z**3 + z**2 + 2*z + 3. Let p be y(-1). Is j(p) composite?
False
Is (6/(-15)*(-22516575)/60)/(5/10) a composite number?
False
Let a = -1083686 - -2490727. Is a a composite number?
False
Suppose 3*d - 124840 = -4*a, -26*d + 22*d + 16 = 0. Is a prime?
False
Let t(y) = -49*y**3 - 4*y**2 + 9*y + 3. Let h be t(3). Let r = 4340 + h. Is r a composite number?
False
Let m = 14121 - 7772. Suppose m = -39*b + 46*b. Is b composite?
False
Let i = 816531 - 504334. Is i prime?
True
Suppose 2*p + 4*g = 2654, -1440 = -p + 3*g - 108. Let y = 7966 - p. Is y a prime number?
True
Let i be (-2*2)/(-2 + 907/454). Let x = 3270 - i. Is x composite?
True
Is (-106041960)/(-391) - (12/(-34))/(-6) a prime number?
False
Let f(u) = -712*u**3 - 5*u**2 + 4*u. Let k be f(1). Is (4 + k)/((-6)/(-6))*-5 a prime number?
False
Let p = 39137 - 27318. Is p a prime number?
False
Let a = 106 + -104. Suppose l = -8*x + 4*x + 831, a = -x. Is l prime?
True
Suppose 5*u + 10 = 0, 4*y - 110 = 2*u - 18. Suppose 0 = -y*b + 38475 + 45235. Is b a prime number?
False
Suppose 0 = -v + 81*n - 76*n + 9030, -18035 = -2*v + 5*n. Is v a composite number?
True
Suppose 46*f - 1110634 - 57352 = 0. Is f prime?
True
Let k be 1/((-2)/(-14))*707. Is k/3 + (-32)/(-24) a prime number?
False
Suppose 3*i - 7 + 1 = -3*a, 3*i + 4*a - 1 = 0. Let x = i - 7. Is 11*6/3 + x a composite number?
True
Suppose 315584 = 45*c - 296997 - 996664. Is c composite?
True
Let n(y) = 260*y**2 - 44*y + 251. Is n(-14) prime?
True
Suppose y + 14 - 42 = 0. Suppose -3*m - 211475 = -y*m. Is m composite?
True
Is ((-4120328)/(-96))/(-15 - 2172/(-144)) prime?
True
Let f = 2737258 + -1820097. Is f composite?
True
Suppose -2*o = -k + 1473403, 16*k + 7*o + 5893605 = 20*k. Is k prime?
True
Suppose -5*p - 15*p + 75280 = 0. Is -1 + 4 + 3 + (p - 9) a prime number?
True
Suppose 2*s = 4*s - 38. Let g = s + -15. Is (484 + 3)/(4/g) composite?
False
Suppose -3*d + c + 243812 = 0, -5*d + 7*c + 406337 = 3*c. Is d a prime number?
False
Let z(f) = 275*f**3 - 4*f**2 - 3. Let u be z(-3). Let v be -2 + 21/9 - u/18. Suppose m = v - 21. Is m prime?
False
Let h = 373 - 329. Suppose 7*d + h - 2403 = 0. Is d composite?
False
Let j(y) = -y**3 + 4*y**2 - 5. Let b be j(2). Suppose 5*a - 2*a = 2*c + 805, c + 800 = b*a. Is a a prime number?
False
Let p(z) = z**3 - 8*z**2 - 5*z + 3. Let f be p(9). Let v = -36 + f. Suppose -v*o + 2795 = -1288. Is o a prime number?
True
Let v(j) = -2*j**3 - 107*j**2 + 30*j + 60. Is v(-63) a prime number?
False
Let m = 465674 - 308865. Is m prime?
False
Let h = -1672 + 2861. Is h a composite number?
True
Let s be 0 - (4 - (10 + -1)). Suppose 3*w - 1837 = -s*m + w, -3*m - 5*w + 1087 = 0. Suppose 3*c + 548 = 4*k, 0 = -2*k + 5*c + m - 81. Is k a composite number?
True
Let p = 48 + -8. Suppose 29*c = p*c - 24937. Is c composite?
False
Let q = -50 + 50. Suppose -8*i + 507 = -4*i + 5*n, -5*n - 25 = q. Is i prime?
False
Suppose 25*c + 4*c = 754. Let u(l) = 12*l + 17. Is u(c) prime?
False
Is ((-7)/((-84)/(-8)))/((-6)/176949) a composite number?
False
Suppose 28247070 = -2541*t + 2571*t. Is t composite?
True
Let l(i) = -11 + 10*i + 0 + 0*i. Let j be l(7). Is (j/4)/(3/12) composite?
False
Let n(u) = u**3 - 6*u**2 + 3*u - 1. Let v be n(6). Suppose -v = 3*r + 22. Let w(z) = -5*z + 29. Is w(r) prime?
False
Let c = -1777 - -2020. Let o(p) = p**2 + p - 2. Let r be o(2). Let k = r + c. Is k prime?
False
Let c be (-3 + 10/8)*(-1207 + -1). Suppose 5*s = -b + 1092, 49*b = 47*b + 4*s + c. Is b a prime number?
False
Suppose 0*h + 2*h + 4*j = 2272, 0 = h - 3*j - 1116. Let u = h + -259. Is u composite?
True
Let y(q) = 2*q**2 - 54*q + 219. Let x be y(22). Suppose 2*z = -4*n - 24, 4*z - 5*n = 15 + 2. Is x/z + 9970/4 + 2 composite?
True
Let k(y) = 857*y + 8. Let t be k(3). Let h(s) = -s**3 - 4*s**2 + 5*s. Let q be h(-5). Suppose -6*n = -2*n + 5*o - t, q = -4*n + 2*o + 2558. Is n a prime number?
True
Suppose d + 5*y + 5 = 2, d + 3*y + 1 = 0. Let l(k) = -11*k - k**3 + 3 + 8*k**3 + 19*k - 4*k**d. Is l(4) prime?
True
Let o be 74072/(-12) - (-2)/(-6). Let r = o - -13890. Is r a prime number?
True
Let w(j) = -3*j**3 + 62*j**2 + 20*j + 24. Let x be w(21). Suppose 4*k - 16874 - 6701 = -x*m, 4*m - 31428 = -4*k. Is m a prime number?
True
Let l = -1194 + 740. Let y = l - -1065. Is y prime?
False
Let k(l) = 2*l**3 - l**2 - 2*l - 1. Let s(r) = r. Let n(i) = -k(i) - 4*s(i). Let a be n(3). Let p = 133 + a. Is p prime?
True
Is ((-64)/240)/(10/(-1202475)) composite?
True
Suppose 25*z - 45*z + 4378460 = 0. Is z composite?
False
Suppose 4*t + 2*k - 8 = 0, -k - 6 - 8 = -4*t. Suppose 0 = t*g - 0*x - 3*x + 4992, 0 = 3*g + 5*x + 5016. Let q = 1926 - g. Is q composite?
False
Suppose 0 = -2*o + 542 + 176. Suppose -147 + o = i. Suppose 710 = 3*y + i. Is y prime?
False
Suppose 0 = -13*x + 10*x - 6, -5*s = 4*x - 424277. Is s composite?
False
Let u be (50/(-10) - -8) + 0 + 13860. Is (-20)/(-15)*u/4 composite?
False
Suppose 5*l + 29 - 39 = 0. Is (-3)/l - ((-49230)/12 - 2) a composite number?
True
Suppose 4*z + 2529438 = 15*z - 5424541. Is z a prime number?
True
Suppose 0 = 2*z - 7*z + t + 193825, -4*t = 0. Suppose b - 2*s = 1146 + 6607, 5*b - z = -2*s. Is b a composite number?
False
Suppose 2*h = 2*m - 213072, 4*m - 97*h = -102*h + 426126. Is m prime?
False
Is (-1242)/(-21735) - 9012286/(-70) composite?
False
Suppose 0 = -3*w + 5*p - 9 - 76, 0 = -4*p + 20. Is 7*w/(-28) + 6284 a prime number?
False
Suppose -3*o = -3024 - 3840. Suppose 0*r - 4*r + u + o = 0, -4*u = 0. Let v = 1093 - r. Is v a composite number?
False
Suppose 2*l - 48985 = -5*h, 4*h + 14*l - 13*l = 39191. Is h composite?
True
Suppose -2*l + 30 = l. Suppose -l*c + 2358 = -4*c. Let q = -115 + c. Is q composite?
True
Let h = 